alculate the greatest common divisor of 10 and 59660.
10
Calculate the highest common divisor of 142 and 349320.
142
Calculate the highest common divisor of 3519 and 65943.
153
What is the highest common divisor of 17589 and 143?
143
Calculate the highest common factor of 11218686 and 1698.
1698
Calculate the greatest common divisor of 138798 and 32246.
1402
What is the highest common factor of 7 and 607915?
7
Calculate the greatest common factor of 578 and 7174.
34
What is the highest common divisor of 29 and 11861?
29
Calculate the highest common divisor of 37893 and 204.
51
What is the greatest common factor of 1271952 and 15488?
1936
What is the highest common factor of 568144 and 128?
16
What is the greatest common divisor of 255 and 165325?
85
Calculate the greatest common divisor of 38352 and 444.
12
What is the greatest common divisor of 181506 and 702?
78
Calculate the highest common factor of 28 and 3383282.
14
Calculate the highest common factor of 9 and 33435.
9
What is the highest common divisor of 1050 and 28140?
210
What is the highest common divisor of 10736 and 101112?
88
What is the highest common divisor of 35161 and 14?
7
What is the greatest common factor of 382055 and 774?
43
What is the greatest common factor of 60841 and 11?
11
Calculate the greatest common divisor of 2236 and 78.
26
Calculate the highest common divisor of 12031 and 371.
53
Calculate the highest common factor of 1603812 and 1464.
732
What is the highest common factor of 1960 and 1465?
5
Calculate the greatest common factor of 6080 and 15.
5
Calculate the greatest common factor of 21 and 1033347.
21
Calculate the highest common divisor of 3 and 3873.
3
What is the greatest common divisor of 2365 and 808615?
215
Calculate the greatest common divisor of 715538 and 142.
142
Calculate the greatest common divisor of 1146 and 870.
6
What is the highest common divisor of 122058 and 18?
18
What is the highest common factor of 3186 and 108?
54
What is the highest common divisor of 357875 and 25375?
875
Calculate the greatest common factor of 13060 and 440.
20
What is the greatest common factor of 271 and 23?
1
Calculate the greatest common factor of 77 and 277739.
77
What is the highest common factor of 69340 and 260?
20
What is the greatest common factor of 8514 and 325424?
946
What is the highest common divisor of 16 and 473876?
4
What is the greatest common factor of 4095 and 44905?
35
Calculate the highest common factor of 1088 and 92242.
34
What is the highest common factor of 796 and 2?
2
Calculate the highest common factor of 105 and 155715.
105
Calculate the greatest common factor of 38 and 132848.
38
Calculate the highest common factor of 7416 and 81.
9
What is the highest common divisor of 154 and 1156738?
22
Calculate the greatest common factor of 1148049 and 42.
21
Calculate the greatest common divisor of 110797 and 8181.
101
What is the highest common factor of 1946 and 1141?
7
What is the highest common divisor of 496 and 327608?
248
What is the greatest common factor of 188 and 13677?
47
What is the highest common divisor of 448 and 191856?
112
What is the greatest common factor of 64716 and 12?
12
Calculate the greatest common divisor of 3 and 915855.
3
What is the highest common divisor of 2 and 2269?
1
Calculate the highest common factor of 100 and 97220.
20
What is the highest common factor of 259278 and 3318?
474
Calculate the highest common factor of 26280 and 270.
90
What is the highest common divisor of 41 and 1798547?
41
Calculate the greatest common factor of 277420 and 70.
10
What is the greatest common factor of 71629 and 166?
83
Calculate the greatest common factor of 3202476 and 24.
12
Calculate the greatest common factor of 2066 and 48.
2
Calculate the greatest common divisor of 76 and 7190208.
76
Calculate the highest common divisor of 18048 and 231240.
1128
Calculate the greatest common factor of 24320 and 480.
160
Calculate the greatest common factor of 365143 and 2397.
799
Calculate the highest common factor of 38 and 142253.
19
What is the highest common divisor of 3034 and 1066?
82
What is the greatest common divisor of 1224 and 4743?
153
Calculate the highest common factor of 4 and 5812.
4
What is the highest common factor of 1896 and 456?
24
What is the highest common divisor of 1947 and 21771?
177
Calculate the greatest common divisor of 874 and 38494.
38
What is the greatest common factor of 326399 and 31?
31
What is the greatest common factor of 11 and 9433?
1
What is the greatest common factor of 40905 and 58580?
505
Calculate the greatest common divisor of 723 and 15.
3
What is the highest common factor of 318 and 79500?
318
Calculate the highest common divisor of 102292 and 25812.
956
What is the greatest common divisor of 207984 and 336?
336
What is the highest common divisor of 2960 and 4810?
370
What is the highest common divisor of 72017 and 33?
11
What is the highest common divisor of 1386 and 141?
3
Calculate the greatest common factor of 3784 and 277178.
946
What is the greatest common divisor of 2712 and 228?
12
What is the greatest common divisor of 12807655 and 5?
5
What is the greatest common factor of 59785 and 40?
5
What is the greatest common factor of 1518924 and 24?
12
Calculate the highest common divisor of 62 and 1155215.
31
What is the greatest common divisor of 668025 and 1395?
45
Calculate the highest common factor of 62104 and 504.
56
What is the greatest common divisor of 137563 and 23?
23
What is the highest common divisor of 575 and 17960?
5
What is the highest common divisor of 45711 and 81?
27
Calculate the greatest common factor of 3264 and 714.
102
Calculate the highest common divisor of 60936 and 582.
6
Calculate the greatest common divisor of 1017486 and 18.
18
Calculate the greatest common factor of 171744 and 4.
4
What is the highest common factor of 1982 and 22793?
991
What is the highest common factor of 9126 and 108?
54
What is the highest common divisor of 1073 and 26651?
29
Calculate the greatest common divisor of 7599 and 13719.
51
Calculate the greatest common factor of 200 and 39275.
25
What is the highest common factor of 27516 and 2220?
12
Calculate the highest common divisor of 235904 and 80.
16
Calculate the highest common factor of 168059 and 123.
41
What is the greatest common factor of 96858 and 72?
18
Calculate the highest common divisor of 38584 and 252.
28
Calculate the highest common factor of 121 and 29.
1
Calculate the greatest common factor of 538701 and 711.
237
Calculate the highest common divisor of 736 and 56488.
184
Calculate the greatest common divisor of 5 and 827635.
5
Calculate the highest common divisor of 57681 and 221676.
1131
What is the highest common divisor of 4361 and 281863?
89
Calculate the greatest common factor of 394174 and 13243.
779
What is the greatest common divisor of 57 and 82479?
57
Calculate the greatest common divisor of 3112 and 361381.
389
Calculate the highest common factor of 28179 and 27775.
101
Calculate the greatest common divisor of 43218 and 315.
63
Calculate the highest common factor of 110 and 49753.
11
Calculate the highest common factor of 498 and 86901.
249
Calculate the highest common factor of 12 and 2682.
6
Calculate the highest common factor of 1742 and 807484.
134
Calculate the greatest common factor of 1286061 and 705.
141
What is the highest common factor of 1428 and 112149?
51
What is the highest common divisor of 624 and 390?
78
Calculate the greatest common factor of 24035 and 3971.
209
Calculate the highest common divisor of 245986 and 39.
13
Calculate the highest common divisor of 45657 and 6669.
513
Calculate the greatest common factor of 351200 and 640.
160
What is the greatest common divisor of 179 and 4117?
179
What is the greatest common divisor of 426863 and 1?
1
Calculate the greatest common divisor of 1 and 90895.
1
Calculate the greatest common divisor of 134273 and 1528.
191
Calculate the highest common factor of 88 and 2094488.
88
What is the highest common divisor of 352 and 3403488?
352
Calculate the highest common divisor of 915344 and 912.
304
Calculate the highest common factor of 1562 and 204226.
22
What is the highest common factor of 534573 and 13?
13
Calculate the highest common diviso